{"id":19,"date":"2026-01-05T02:19:19","date_gmt":"2026-01-05T02:19:19","guid":{"rendered":"https:\/\/nexoadvanced.com\/?page_id=19"},"modified":"2026-01-09T01:39:34","modified_gmt":"2026-01-09T01:39:34","slug":"pagina-principal","status":"publish","type":"page","link":"https:\/\/nexoadvanced.com\/index.php\/pagina-principal\/","title":{"rendered":"Pagina Principal"},"content":{"rendered":"\n<div class=\"wp-block-group alignfull has-gv-color-text-primary-background-color has-background is-layout-constrained wp-block-group-is-layout-constrained\">\n<div style=\"aspect-ratio:auto;min-height:unset;\" class=\"wp-block-cover alignfull has-aspect-ratio\"><img decoding=\"async\" class=\"wp-block-cover__image-background wp-image-72 size-full\" alt=\"\" src=\"https:\/\/nexoadvanced.com\/wp-content\/themes\/unibiz\/assets\/img\/background-hero-unibiz.webp\" data-object-fit=\"cover\"\/><span aria-hidden=\"true\" class=\"wp-block-cover__background has-background-dim-0 has-background-dim\"><\/span><div class=\"wp-block-cover__inner-container is-layout-constrained wp-container-core-cover-is-layout-19e250f3 wp-block-cover-is-layout-constrained\">\n<div class=\"wp-block-group unibiz-front-hero-container is-nowrap is-layout-flex wp-container-core-group-is-layout-fb1225a1 wp-block-group-is-layout-flex\" style=\"padding-top:180px;padding-bottom:180px\">\n<div class=\"wp-block-group is-vertical is-content-justification-center is-layout-flex wp-container-core-group-is-layout-a5592bb8 wp-block-group-is-layout-flex\">\n<div class=\"wp-block-group is-vertical is-content-justification-center is-layout-flex wp-container-core-group-is-layout-7fc8d9f6 wp-block-group-is-layout-flex\">\n<div class=\"wp-block-group is-content-justification-center is-nowrap is-layout-flex wp-container-core-group-is-layout-23441af8 wp-block-group-is-layout-flex\">\n<h6 class=\"wp-block-heading has-text-align-center unibiz-subheading has-border-color has-white-color has-text-color has-background has-link-color has-host-grotesk-font-family has-little-font-size wp-elements-96bff6e36a7e1f73e19a7b67380eb526\" style=\"border-color:#ffffff26;border-width:1px;border-radius:50px;background-color:#ffffff0d;padding-top:7px;padding-right:16px;padding-bottom:7px;padding-left:16px;font-style:normal;font-weight:500;line-height:1.2\">Tu aliado estrat\u00e9gico en el mundo digital<\/h6>\n<\/div>\n\n\n\n<h1 class=\"wp-block-heading has-text-align-center has-white-color has-text-color has-link-color has-host-grotesk-font-family has-gigantic-font-size wp-elements-ee8fbd5d987224506add80fa25031005\" style=\"font-style:normal;font-weight:700;line-height:1.1\"><strong>Conectamos datos, tecnolog\u00eda y estrategia para impulsar tu crecimiento<\/strong><\/h1>\n\n\n\n<p class=\"has-text-align-center has-white-color has-text-color has-link-color has-host-grotesk-font-family has-normal-font-size wp-elements-4651db3d33b0ef8e5d28f87f8910c43a\">NEXO ADVANCED es una firma global de performance marketing y consultor\u00eda TI especializada en publicidad digital, anal\u00edtica avanzada y asesor\u00eda en sitios web dise\u00f1ados para vender y escalar negocios.<\/p>\n<\/div>\n<\/div>\n<\/div>\n<\/div><\/div>\n<\/div>\n\n\n\n<div class=\"wp-block-group alignfull wp-block-section wp-block-feature-content is-layout-constrained wp-block-group-is-layout-constrained\">\n<div class=\"wp-block-group alignwide wp-block-group-heading is-layout-flow wp-container-core-group-is-layout-dc10bc65 wp-block-group-is-layout-flow\">\n<h2 class=\"wp-block-heading has-text-align-center\"><br>Servicios principales de publicidad<\/h2>\n<\/div>\n\n\n\n<div class=\"wp-block-group alignwide wp-block-group-content is-layout-flow wp-block-group-is-layout-flow\">\n<div class=\"wp-block-columns alignwide is-layout-flex wp-container-core-columns-is-layout-28f84493 wp-block-columns-is-layout-flex\">\n<div class=\"wp-block-column is-layout-flow wp-block-column-is-layout-flow\">\n<div class=\"wp-block-group wp-block-post-group is-layout-flow wp-block-group-is-layout-flow\">\n<figure class=\"wp-block-image size-full\"><img fetchpriority=\"high\" decoding=\"async\" width=\"1536\" height=\"1024\" src=\"https:\/\/nexoadvanced.com\/wp-content\/uploads\/2026\/01\/ChatGPT-Image-4-ene-2026-08_56_53-p.m.png\" alt=\"\" class=\"wp-image-27\" srcset=\"https:\/\/nexoadvanced.com\/wp-content\/uploads\/2026\/01\/ChatGPT-Image-4-ene-2026-08_56_53-p.m.png 1536w, https:\/\/nexoadvanced.com\/wp-content\/uploads\/2026\/01\/ChatGPT-Image-4-ene-2026-08_56_53-p.m-300x200.png 300w, https:\/\/nexoadvanced.com\/wp-content\/uploads\/2026\/01\/ChatGPT-Image-4-ene-2026-08_56_53-p.m-1024x683.png 1024w, https:\/\/nexoadvanced.com\/wp-content\/uploads\/2026\/01\/ChatGPT-Image-4-ene-2026-08_56_53-p.m-768x512.png 768w\" sizes=\"(max-width: 1536px) 100vw, 1536px\" \/><\/figure>\n\n\n\n<div class=\"wp-block-group wp-block-entry-content is-layout-flow wp-block-group-is-layout-flow\">\n<h2 class=\"wp-block-heading has-content-heading-font-size\">Meta Ads<\/h2>\n\n\n\n<p>Estructuras de campa\u00f1a avanzadas y pruebas creativas para escalar su marca en Facebook e Instagram.<\/p>\n\n\n\n<div class=\"wp-block-buttons is-layout-flex wp-block-buttons-is-layout-flex\">\n<div class=\"wp-block-button is-style-outline is-style-outline--1\"><a class=\"wp-block-button__link wp-element-button\">View More<\/a><\/div>\n<\/div>\n<\/div>\n<\/div>\n\n\n\n<div class=\"wp-block-group wp-block-post-group is-layout-flow wp-block-group-is-layout-flow\">\n<div class=\"wp-block-group wp-block-entry-content is-layout-flow wp-block-group-is-layout-flow\">\n<figure class=\"wp-block-image size-full\"><img decoding=\"async\" width=\"1184\" height=\"785\" src=\"https:\/\/nexoadvanced.com\/wp-content\/uploads\/2026\/01\/Gemini_Generated_Image_6qa40a6qa40a6qa4.png\" alt=\"\" class=\"wp-image-31\" srcset=\"https:\/\/nexoadvanced.com\/wp-content\/uploads\/2026\/01\/Gemini_Generated_Image_6qa40a6qa40a6qa4.png 1184w, https:\/\/nexoadvanced.com\/wp-content\/uploads\/2026\/01\/Gemini_Generated_Image_6qa40a6qa40a6qa4-300x199.png 300w, https:\/\/nexoadvanced.com\/wp-content\/uploads\/2026\/01\/Gemini_Generated_Image_6qa40a6qa40a6qa4-1024x679.png 1024w, https:\/\/nexoadvanced.com\/wp-content\/uploads\/2026\/01\/Gemini_Generated_Image_6qa40a6qa40a6qa4-768x509.png 768w\" sizes=\"(max-width: 1184px) 100vw, 1184px\" \/><\/figure>\n\n\n\n<h2 class=\"wp-block-heading has-content-heading-font-size\"><strong>Seguimiento de Conversiones<\/strong><\/h2>\n\n\n\n<p>Te ayudamos a medir correctamente tus ventas, leads y acciones clave para que inviertas tu presupuesto donde realmente funciona.<\/p>\n\n\n\n<div class=\"wp-block-buttons is-layout-flex wp-block-buttons-is-layout-flex\">\n<div class=\"wp-block-button is-style-outline is-style-outline--2\"><a class=\"wp-block-button__link wp-element-button\">View More<\/a><\/div>\n<\/div>\n<\/div>\n<\/div>\n<\/div>\n\n\n\n<div class=\"wp-block-column is-layout-flow wp-block-column-is-layout-flow\">\n<div class=\"wp-block-group wp-block-post-group is-layout-flow wp-block-group-is-layout-flow\">\n<figure class=\"wp-block-image size-full\"><img decoding=\"async\" width=\"1536\" height=\"1024\" src=\"https:\/\/nexoadvanced.com\/wp-content\/uploads\/2026\/01\/ChatGPT-Image-4-ene-2026-09_02_35-p.m.png\" alt=\"\" class=\"wp-image-28\" srcset=\"https:\/\/nexoadvanced.com\/wp-content\/uploads\/2026\/01\/ChatGPT-Image-4-ene-2026-09_02_35-p.m.png 1536w, https:\/\/nexoadvanced.com\/wp-content\/uploads\/2026\/01\/ChatGPT-Image-4-ene-2026-09_02_35-p.m-300x200.png 300w, https:\/\/nexoadvanced.com\/wp-content\/uploads\/2026\/01\/ChatGPT-Image-4-ene-2026-09_02_35-p.m-1024x683.png 1024w, https:\/\/nexoadvanced.com\/wp-content\/uploads\/2026\/01\/ChatGPT-Image-4-ene-2026-09_02_35-p.m-768x512.png 768w\" sizes=\"(max-width: 1536px) 100vw, 1536px\" \/><\/figure>\n\n\n\n<div class=\"wp-block-group wp-block-entry-content is-layout-flow wp-block-group-is-layout-flow\">\n<h2 class=\"wp-block-heading has-content-heading-font-size\">Google Ads<\/h2>\n\n\n\n<p>Gestionamos campa\u00f1as en Google Ads  para que cada inversi\u00f3n publicitaria genere el mayor retorno posible.<\/p>\n\n\n\n<div class=\"wp-block-buttons is-layout-flex wp-block-buttons-is-layout-flex\">\n<div class=\"wp-block-button is-style-outline is-style-outline--3\"><a class=\"wp-block-button__link wp-element-button\">View More<\/a><\/div>\n<\/div>\n<\/div>\n<\/div>\n\n\n\n<div class=\"wp-block-group wp-block-post-group is-layout-flow wp-block-group-is-layout-flow\">\n<figure class=\"wp-block-image size-full\"><img loading=\"lazy\" decoding=\"async\" width=\"1184\" height=\"740\" src=\"https:\/\/nexoadvanced.com\/wp-content\/uploads\/2026\/01\/Gemini_Generated_Image_40mga040mga040mg.png\" alt=\"\" class=\"wp-image-30\" srcset=\"https:\/\/nexoadvanced.com\/wp-content\/uploads\/2026\/01\/Gemini_Generated_Image_40mga040mga040mg.png 1184w, https:\/\/nexoadvanced.com\/wp-content\/uploads\/2026\/01\/Gemini_Generated_Image_40mga040mga040mg-300x188.png 300w, https:\/\/nexoadvanced.com\/wp-content\/uploads\/2026\/01\/Gemini_Generated_Image_40mga040mga040mg-1024x640.png 1024w, https:\/\/nexoadvanced.com\/wp-content\/uploads\/2026\/01\/Gemini_Generated_Image_40mga040mga040mg-768x480.png 768w\" sizes=\"(max-width: 1184px) 100vw, 1184px\" \/><\/figure>\n\n\n\n<div class=\"wp-block-group wp-block-entry-content is-layout-flow wp-block-group-is-layout-flow\">\n<h2 class=\"wp-block-heading has-content-heading-font-size\">Optimizaci\u00f3n del rendimiento<\/h2>\n\n\n\n<p>Aplicamos un proceso constante de testing, an\u00e1lisis avanzado y optimizaci\u00f3n para escalar resultados y maximizar la eficiencia de tu inversi\u00f3n publicitaria.<\/p>\n\n\n\n<div class=\"wp-block-buttons is-layout-flex wp-block-buttons-is-layout-flex\">\n<div class=\"wp-block-button is-style-outline is-style-outline--4\"><a class=\"wp-block-button__link wp-element-button\">View More<\/a><\/div>\n<\/div>\n<\/div>\n<\/div>\n<\/div>\n<\/div>\n<\/div>\n<\/div>\n\n\n\n<div class=\"wp-block-group alignfull wp-block-section  wp-block-hero-content is-layout-flow wp-block-group-is-layout-flow\">\n<div class=\"wp-block-group is-layout-flow wp-block-group-is-layout-flow\">\n<div class=\"wp-block-group is-layout-constrained wp-block-group-is-layout-constrained\">\n<div class=\"wp-block-media-text alignwide is-stacked-on-mobile\" style=\"grid-template-columns:46% auto\"><figure class=\"wp-block-media-text__media\"><img loading=\"lazy\" decoding=\"async\" width=\"1024\" height=\"585\" src=\"https:\/\/nexoadvanced.com\/wp-content\/uploads\/2026\/01\/fcb002b255df4015ba38cc151753b984-1024x585.png\" alt=\"\" class=\"wp-image-25 size-full\" srcset=\"https:\/\/nexoadvanced.com\/wp-content\/uploads\/2026\/01\/fcb002b255df4015ba38cc151753b984-1024x585.png 1024w, https:\/\/nexoadvanced.com\/wp-content\/uploads\/2026\/01\/fcb002b255df4015ba38cc151753b984-300x171.png 300w, https:\/\/nexoadvanced.com\/wp-content\/uploads\/2026\/01\/fcb002b255df4015ba38cc151753b984-768x439.png 768w, https:\/\/nexoadvanced.com\/wp-content\/uploads\/2026\/01\/fcb002b255df4015ba38cc151753b984.png 1344w\" sizes=\"(max-width: 1024px) 100vw, 1024px\" \/><\/figure><div class=\"wp-block-media-text__content\">\n<div class=\"wp-block-group wp-block-group-heading is-layout-flow wp-container-core-group-is-layout-dc10bc65 wp-block-group-is-layout-flow\">\n<h2 class=\"wp-block-heading has-text-align-left\">Construidos sobre confianza. <\/h2>\n<\/div>\n\n\n\n<p class=\"has-text-align-left\">No trabajamos con suposiciones, trabajamos con datos. Combinamos anal\u00edtica avanzada y experiencia estrat\u00e9gica para crear campa\u00f1as que generan resultados reales y escalan de forma sostenible.<\/p>\n\n\n\n<div class=\"wp-block-buttons is-content-justification-left is-layout-flex wp-container-core-buttons-is-layout-fc4fd283 wp-block-buttons-is-layout-flex\">\n<div class=\"wp-block-button\"><a class=\"wp-block-button__link wp-element-button\">Cont\u00e1ctanos<\/a><\/div>\n<\/div>\n<\/div><\/div>\n<\/div>\n<\/div>\n<\/div>\n\n\n\n<div class=\"wp-block-group alignfull has-background is-layout-constrained wp-container-core-group-is-layout-3bfa357b wp-block-group-is-layout-constrained\" style=\"background-color:#00000008;padding-top:var(--wp--preset--spacing--50);padding-right:var(--wp--preset--spacing--40);padding-bottom:var(--wp--preset--spacing--50);padding-left:var(--wp--preset--spacing--40)\">\n<div class=\"wp-block-group alignwide is-content-justification-space-between is-layout-flex wp-container-core-group-is-layout-cdd4a880 wp-block-group-is-layout-flex\">\n<div class=\"wp-block-group wp-container-content-9cfa9a5a is-content-justification-left is-layout-constrained wp-container-core-group-is-layout-12dd3699 wp-block-group-is-layout-constrained\">\n<p class=\"has-text-align-left\" style=\"font-size:clamp(0.875rem, 0.875rem + ((1vw - 0.2rem) * 0.024), 0.9rem);font-style:normal;font-weight:600;letter-spacing:1px;text-transform:uppercase\">Search<\/p>\n\n\n<form role=\"search\" method=\"get\" action=\"https:\/\/nexoadvanced.com\/\" class=\"wp-block-search__button-outside wp-block-search__icon-button wp-block-search\"    ><label class=\"wp-block-search__label screen-reader-text\" for=\"wp-block-search__input-5\" >Search<\/label><div class=\"wp-block-search__inside-wrapper\"  style=\"width: 100%\"><input class=\"wp-block-search__input\" id=\"wp-block-search__input-5\" placeholder=\"\" value=\"\" type=\"search\" name=\"s\" required  style=\"border-width: 1px\"\/><button aria-label=\"Search\" class=\"wp-block-search__button has-icon wp-element-button\" type=\"submit\"  style=\"border-width: 1px\"><svg class=\"search-icon\" viewBox=\"0 0 24 24\" width=\"24\" height=\"24\">\n\t\t\t\t\t<path d=\"M13 5c-3.3 0-6 2.7-6 6 0 1.4.5 2.7 1.3 3.7l-3.8 3.8 1.1 1.1 3.8-3.8c1 .8 2.3 1.3 3.7 1.3 3.3 0 6-2.7 6-6S16.3 5 13 5zm0 10.5c-2.5 0-4.5-2-4.5-4.5s2-4.5 4.5-4.5 4.5 2 4.5 4.5-2 4.5-4.5 4.5z\"><\/path>\n\t\t\t\t<\/svg><\/button><\/div><\/form><\/div>\n\n\n\n<div class=\"wp-block-group is-content-justification-right is-nowrap is-layout-flex wp-container-core-group-is-layout-469b99a4 wp-block-group-is-layout-flex\">\n<div class=\"wp-block-group is-vertical is-layout-flex wp-container-core-group-is-layout-fe9cc265 wp-block-group-is-layout-flex\">\n<p class=\"has-text-align-left\" style=\"font-size:clamp(0.875rem, 0.875rem + ((1vw - 0.2rem) * 0.024), 0.9rem);font-style:normal;font-weight:600;letter-spacing:1px;text-transform:uppercase\">Social<\/p>\n\n\n\n<div class=\"wp-block-group has-small-font-size is-vertical is-content-justification-left is-layout-flex wp-container-core-group-is-layout-32091062 wp-block-group-is-layout-flex\">\n<p><a href=\"#\">Facebook<\/a><\/p>\n\n\n\n<p><a href=\"#\">Instagram<\/a><\/p>\n\n\n\n<p><a href=\"#\">Twitter<\/a><\/p>\n<\/div>\n<\/div>\n<\/div>\n<\/div>\n\n\n\n<div style=\"height:48px\" aria-hidden=\"true\" class=\"wp-block-spacer\"><\/div>\n\n\n\n<div class=\"wp-block-group alignwide is-content-justification-space-between is-layout-flex wp-container-core-group-is-layout-b585a4aa wp-block-group-is-layout-flex\">\n<div class=\"wp-block-group is-layout-flex wp-block-group-is-layout-flex\"><h1 class=\"wp-block-site-title has-small-font-size\"><a href=\"https:\/\/nexoadvanced.com\" target=\"_self\" rel=\"home\">Nexo Advanced<\/a><\/h1><\/div>\n\n\n\n<p class=\"has-small-font-size\">\u00a9&nbsp;2026&nbsp;NEXO ADVANCED. All rights reserved.<\/p>\n<\/div>\n\n\n\n<p><\/p>\n<\/div>\n","protected":false},"excerpt":{"rendered":"<p>Servicios principales de publicidad Meta Ads Estructuras de campa\u00f1a avanzadas y pruebas creativas para escalar su marca en Facebook e Instagram. Seguimiento de Conversiones Te ayudamos a medir correctamente tus ventas, leads y acciones clave para que inviertas tu presupuesto donde realmente funciona. Google Ads Gestionamos campa\u00f1as en Google Ads para que cada inversi\u00f3n publicitaria&#8230;<\/p>\n","protected":false},"author":1,"featured_media":0,"parent":0,"menu_order":0,"comment_status":"closed","ping_status":"closed","template":"","meta":{"footnotes":""},"class_list":["post-19","page","type-page","status-publish","hentry"],"_links":{"self":[{"href":"https:\/\/nexoadvanced.com\/index.php\/wp-json\/wp\/v2\/pages\/19","targetHints":{"allow":["GET"]}}],"collection":[{"href":"https:\/\/nexoadvanced.com\/index.php\/wp-json\/wp\/v2\/pages"}],"about":[{"href":"https:\/\/nexoadvanced.com\/index.php\/wp-json\/wp\/v2\/types\/page"}],"author":[{"embeddable":true,"href":"https:\/\/nexoadvanced.com\/index.php\/wp-json\/wp\/v2\/users\/1"}],"replies":[{"embeddable":true,"href":"https:\/\/nexoadvanced.com\/index.php\/wp-json\/wp\/v2\/comments?post=19"}],"version-history":[{"count":11,"href":"https:\/\/nexoadvanced.com\/index.php\/wp-json\/wp\/v2\/pages\/19\/revisions"}],"predecessor-version":[{"id":51,"href":"https:\/\/nexoadvanced.com\/index.php\/wp-json\/wp\/v2\/pages\/19\/revisions\/51"}],"wp:attachment":[{"href":"https:\/\/nexoadvanced.com\/index.php\/wp-json\/wp\/v2\/media?parent=19"}],"curies":[{"name":"wp","href":"https:\/\/api.w.org\/{rel}","templated":true}]}}